 prime factors of 7658?
2, 7, 547
List the prime factors of 40050.
2, 3, 5, 89
What are the prime factors of 1324?
2, 331
List the prime factors of 14840.
2, 5, 7, 53
List the prime factors of 9365.
5, 1873
What are the prime factors of 782?
2, 17, 23
List the prime factors of 633.
3, 211
List the prime factors of 1029.
3, 7
List the prime factors of 19025.
5, 761
List the prime factors of 3487.
11, 317
What are the prime factors of 133?
7, 19
List the prime factors of 8863.
8863
What are the prime factors of 34476?
2, 3, 13, 17
What are the prime factors of 834?
2, 3, 139
List the prime factors of 12121.
17, 23, 31
What are the prime factors of 1110?
2, 3, 5, 37
What are the prime factors of 1075?
5, 43
List the prime factors of 7369.
7369
List the prime factors of 6439.
47, 137
What are the prime factors of 63946?
2, 31973
What are the prime factors of 6338?
2, 3169
List the prime factors of 24016.
2, 19, 79
What are the prime factors of 11791?
13, 907
List the prime factors of 57546.
2, 3, 23, 139
List the prime factors of 26970.
2, 3, 5, 29, 31
What are the prime factors of 6416?
2, 401
What are the prime factors of 10951?
47, 233
What are the prime factors of 23277?
3, 7759
List the prime factors of 1381.
1381
What are the prime factors of 13729?
13729
List the prime factors of 14526.
2, 3, 269
What are the prime factors of 2834?
2, 13, 109
What are the prime factors of 30072?
2, 3, 7, 179
What are the prime factors of 5257?
7, 751
List the prime factors of 64573.
31, 2083
List the prime factors of 2313.
3, 257
List the prime factors of 1253.
7, 179
What are the prime factors of 84630?
2, 3, 5, 7, 13, 31
What are the prime factors of 864?
2, 3
What are the prime factors of 1478?
2, 739
What are the prime factors of 2769?
3, 13, 71
What are the prime factors of 197?
197
What are the prime factors of 90883?
13, 6991
List the prime factors of 2386.
2, 1193
List the prime factors of 7669.
7669
What are the prime factors of 1500?
2, 3, 5
What are the prime factors of 4027?
4027
What are the prime factors of 7087?
19, 373
What are the prime factors of 137963?
7, 19709
What are the prime factors of 427?
7, 61
List the prime factors of 4595.
5, 919
What are the prime factors of 1731?
3, 577
What are the prime factors of 2614?
2, 1307
What are the prime factors of 2213?
2213
What are the prime factors of 32366?
2, 16183
List the prime factors of 13478.
2, 23, 293
List the prime factors of 10805.
5, 2161
List the prime factors of 520.
2, 5, 13
What are the prime factors of 44823?
3, 67, 223
List the prime factors of 6109.
41, 149
List the prime factors of 816.
2, 3, 17
What are the prime factors of 273?
3, 7, 13
What are the prime factors of 4765?
5, 953
What are the prime factors of 10702?
2, 5351
What are the prime factors of 5828?
2, 31, 47
What are the prime factors of 12730?
2, 5, 19, 67
What are the prime factors of 426?
2, 3, 71
List the prime factors of 6591.
3, 13
What are the prime factors of 282?
2, 3, 47
List the prime factors of 23666.
2, 11833
List the prime factors of 33319.
11, 13, 233
List the prime factors of 1049.
1049
List the prime factors of 352.
2, 11
What are the prime factors of 13695?
3, 5, 11, 83
What are the prime factors of 18112?
2, 283
What are the prime factors of 423?
3, 47
List the prime factors of 1567.
1567
List the prime factors of 2172.
2, 3, 181
List the prime factors of 1109.
1109
List the prime factors of 11679.
3, 17, 229
What are the prime factors of 33184?
2, 17, 61
List the prime factors of 20876.
2, 17, 307
List the prime factors of 22899.
3, 17, 449
What are the prime factors of 831?
3, 277
List the prime factors of 492.
2, 3, 41
What are the prime factors of 97110?
2, 3, 5, 13, 83
What are the prime factors of 117?
3, 13
List the prime factors of 15408.
2, 3, 107
What are the prime factors of 2870?
2, 5, 7, 41
List the prime factors of 90926.
2, 11, 4133
What are the prime factors of 2520?
2, 3, 5, 7
What are the prime factors of 188229?
3, 62743
What are the prime factors of 753?
3, 251
What are the prime factors of 326?
2, 163
What are the prime factors of 1083?
3, 19
List the prime factors of 115319.
115319
List the prime factors of 3227.
7, 461
List the prime factors of 35939.
83, 433
What are the prime factors of 758?
2, 379
What are the prime factors of 159?
3, 53
What are the prime factors of 8196?
2, 3, 683
List the prime factors of 41006.
2, 7, 29, 101
What are the prime factors of 87158?
2, 43579
List the prime factors of 9413.
9413
List the prime factors of 20863.
31, 673
What are the prime factors of 2209?
47
What are the prime factors of 194?
2, 97
List the prime factors of 22697.
22697
List the prime factors of 3858.
2, 3, 643
List the prime factors of 2590.
2, 5, 7, 37
What are the prime factors of 11898?
2, 3, 661
What are the prime factors of 8153?
31, 263
What are the prime factors of 2350?
2, 5, 47
List the prime factors of 4282.
2, 2141
List the prime factors of 1508.
2, 13, 29
List the prime factors of 1639.
11, 149
List the prime factors of 63695.
5, 12739
List the prime factors of 2301.
3, 13, 59
List the prime factors of 3937.
31, 127
What are the prime factors of 10676?
2, 17, 157
What are the prime factors of 1117?
1117
What are the prime factors of 630?
2, 3, 5, 7
List the prime factors of 14062.
2, 79, 89
List the prime factors of 16982.
2, 7, 1213
What are the prime factors of 2898?
2, 3, 7, 23
What are the prime factors of 15373?
15373
What are the prime factors of 4580?
2, 5, 229
What are the prime factors of 6301?
6301
List the prime factors of 17557.
97, 181
What are the prime factors of 8042?
2, 4021
List the prime factors of 343.
7
What are the prime factors of 21225?
3, 5, 283
List the prime factors of 3697.
3697
List the prime factors of 1533.
3, 7, 73
What are the prime factors of 32046?
2, 3, 7, 109
What are the prime factors of 31342?
2, 15671
List the prime factors of 9595.
5, 19, 101
List the prime factors of 5224.
2, 653
List the prime factors of 90885.
3, 5, 73, 83
List the prime factors of 1509.
3, 503
What are the prime factors of 3419?
13, 263
What are the prime factors of 18611?
37, 503
What are the prime factors of 2476?
2, 619
List the prime factors of 538.
2, 269
List the prime factors of 10053.
3, 1117
List the prime factors of 5481.
3, 7, 29
List the prime factors of 7034.
2, 3517
What are the prime factors of 1517?
37, 41
What are the prime factors of 39294?
2, 3, 37, 59
List the prime factors of 114801.
3, 17, 2251
What are the prime factors of 9948?
2, 3, 829
What are the prime factors of 6731?
53, 127
What are the prime factors of 1036?
2, 7, 37
What are the prime factors of 103814?
2, 51907
What are the prime factors of 24225?
3, 5, 17, 19
What are the prime factors of 13191?
3, 4397
What are the prime factors of 13945?
5, 2789
What are the prime factors of 4527?
3, 503
List the prime factors of 524.
2, 131
List the prime factors of 6496.
2, 7, 29
List the prime factors of 1658.
2, 829
What are the prime factors of 2999?
2999
What are the prime factors of 2329?
17, 137
List the prime factors of 5463.
3, 607
List the prime factors of 7143.
3, 2381
What are the prime factors of 1923?
3, 641
List the prime factors of 43339.
19, 2281
What are the prime factors of 18218?
2, 9109
List the prime factors of 2471.
7, 353
List the prime factors of 30725.
5, 1229
What are the prime factors of 1261?
13, 97
List the prime factors of 14898.
2, 3, 13, 191
What are the prime factors of 18933?
3, 6311
What are the prime factors of 13664?
2, 7, 61
What are the prime factors of 1609?
1609
What are the prime factors of 574?
2, 7, 41
List the prime factors of 99948.
2, 3, 8329
List the prime factors of 595.
5, 7, 17
List the prime factors of 4483.
4483
List the prime factors of 247.
13, 19
What are the prime factors of 2961?
3, 7, 47
What are the prime factors of 2869?
19, 151
What are the prime factors of 582?
2, 3, 97
What are the prime factors of 11038?
2, 5519
What are the prime factors of 2131?
2131
List the prime factors of 27450.
2, 3, 5, 61
What are the prime factors of 35200?
2, 5, 11
List the prime factors of 649.
11, 59
List the prime factors of 16900.
2, 5, 13
List the prime factors of 64138.
2, 32069
List the prime factors of 87666.
2, 3, 19, 769
